?
False
Is 98098417 prime?
True
Is 42752761 a composite number?
False
Is 378120221 a composite number?
True
Is 9883373 composite?
True
Is 68934037 a composite number?
False
Is 386967887 a prime number?
False
Is 17718599 composite?
False
Is 158809709 a prime number?
False
Is 95857537 prime?
False
Is 25300553 prime?
True
Is 1040217 composite?
True
Is 12260501 a composite number?
True
Is 1370951 a composite number?
True
Is 175864411 a prime number?
True
Is 3116101 composite?
True
Is 14869859 prime?
True
Is 25530209 a prime number?
False
Is 130673 a prime number?
False
Is 6217049 prime?
False
Is 17612977 composite?
False
Is 10791127 a composite number?
False
Is 114711997 prime?
False
Is 65700073 composite?
True
Is 12581551 a composite number?
False
Is 8984881 a prime number?
False
Is 1345115 composite?
True
Is 98719 composite?
True
Is 24230411 a prime number?
False
Is 1060223 a prime number?
True
Is 26510891 prime?
False
Is 12868027 a prime number?
True
Is 4862777 prime?
True
Is 577381 prime?
False
Is 990917 composite?
False
Is 4764433 prime?
True
Is 3728999 prime?
False
Is 2302537 a composite number?
False
Is 247595087 composite?
False
Is 38861629 a composite number?
True
Is 467141 composite?
False
Is 2925341 prime?
False
Is 63592873 composite?
True
Is 3700607 a prime number?
True
Is 1509562 prime?
False
Is 110702 a prime number?
False
Is 4090637 prime?
True
Is 6103723 composite?
True
Is 8557557 composite?
True
Is 179139091 composite?
True
Is 256381823 composite?
False
Is 11368491 composite?
True
Is 331827761 composite?
True
Is 342798913 composite?
False
Is 48066163 a composite number?
False
Is 470263555 a prime number?
False
Is 11370445 a prime number?
False
Is 22330657 composite?
False
Is 17326714 prime?
False
Is 8426381 a composite number?
False
Is 3166351 a prime number?
True
Is 5819105 prime?
False
Is 208887581 prime?
False
Is 2389495 prime?
False
Is 21949373 prime?
True
Is 1798001 prime?
True
Is 124177387 composite?
False
Is 2199427 prime?
True
Is 11840739 a composite number?
True
Is 301304057 prime?
True
Is 409247 composite?
True
Is 2849821 a prime number?
False
Is 1961293 prime?
False
Is 449518 composite?
True
Is 4818617 a composite number?
False
Is 926191 a composite number?
True
Is 6628781 a prime number?
True
Is 4753641 a prime number?
False
Is 416668361 prime?
True
Is 52436837 prime?
False
Is 192163079 a prime number?
False
Is 5344961 a composite number?
True
Is 18779851 prime?
True
Is 3009271 prime?
True
Is 177991133 a prime number?
False
Is 2142377 a prime number?
True
Is 563880533 prime?
True
Is 370660159 a composite number?
False
Is 4321003 composite?
False
Is 60135641 composite?
False
Is 16981339 prime?
False
Is 2893351 composite?
False
Is 36818701 a composite number?
True
Is 647861 prime?
True
Is 4257091 a composite number?
True
Is 12005095 a prime number?
False
Is 244744511 a prime number?
False
Is 82221011 a composite number?
False
Is 39599 composite?
True
Is 311125127 a composite number?
True
Is 63178133 composite?
False
Is 113891 a prime number?
True
Is 185653 prime?
False
Is 548374919 a composite number?
False
Is 49002377 composite?
False
Is 533077165 a composite number?
True
Is 11391941 a composite number?
True
Is 119117149 composite?
False
Is 1542973 a composite number?
False
Is 8305249 a prime number?
False
Is 1867457 composite?
True
Is 13370333 prime?
False
Is 10509067 composite?
True
Is 2390233 a prime number?
False
Is 302141359 a prime number?
False
Is 251879 a prime number?
True
Is 6374651 composite?
False
Is 11221709 a composite number?
False
Is 236755955 composite?
True
Is 30661495 a composite number?
True
Is 79769141 composite?
False
Is 46193 prime?
False
Is 179109121 composite?
True
Is 2653159 a composite number?
True
Is 7087307 prime?
True
Is 394843 a prime number?
False
Is 112387319 a composite number?
True
Is 271349 a prime number?
False
Is 20109109 a composite number?
False
Is 214029051 prime?
False
Is 52231217 prime?
False
Is 187652831 a prime number?
True
Is 4845997687 a composite number?
False
Is 9219131 a composite number?
False
Is 34802161 prime?
True
Is 3475149 a prime number?
False
Is 24330721 prime?
False
Is 15406649 prime?
True
Is 151011039 composite?
True
Is 40923227 prime?
True
Is 5366723 a composite number?
False
Is 961481 composite?
True
Is 34139573 prime?
False
Is 1051937 a composite number?
True
Is 5281123 a composite number?
False
Is 1642117 a composite number?
False
Is 1564081 a prime number?
True
Is 2470079 a prime number?
True
Is 14654137 prime?
True
Is 10116539 composite?
False
Is 79275751 a composite number?
False
Is 32400029 prime?
True
Is 39807437 a composite number?
False
Is 26350379 prime?
False
Is 3126509 a prime number?
True
Is 318827 a prime number?
False
Is 3039551 a composite number?
False
Is 14054387 a prime number?
True
Is 20252473 prime?
True
Is 12476069 composite?
True
Is 7758202 composite?
True
Is 3017741 composite?
False
Is 137149241 a prime number?
True
Is 3145019 composite?
False
Is 96478517 prime?
True
Is 3897169 prime?
False
Is 131038603 a composite number?
False
Is 13949939 a composite number?
False
Is 97745171 a prime number?
True
Is 1184987 a composite number?
False
Is 40170671 a prime number?
False
Is 171005677 a prime number?
True
Is 140637923 prime?
False
Is 205405001 prime?
True
Is 1419269 a composite number?
False
Is 2258413 a prime number?
False
Is 828493 a composite number?
True
Is 41167187 a prime number?
True
Is 158951573 a composite number?
True
Is 8018981 a prime number?
True
Is 24092371 a prime number?
False
Is 85489693 a composite number?
True
Is 19130357 prime?
False
Is 6493609 a composite number?
True
Is 3323717 prime?
False
Is 109595359 a composite number?
True
Is 6649319 a prime number?
True
Is 43267051 a prime number?
True
Is 6187451 prime?
True
Is 26529181 a composite number?
True
Is 23149085 composite?
True
Is 8143859 composite?
False
Is 1685039 a prime number?
True
Is 2287001 prime?
False
Is 11603759 a composite number?
True
Is 2693695 composite?
True
Is 963211 prime?
True
Is 8318207 prime?
False
Is 525137999 prime?
True
Is 144131557 composite?
False
Is 9675857 a composite number?
False
Is 1326881 a prime number?
True
Is 710621 a composite number?
False
Is 7355471 a composite number?
True
Is 1950499 composite?
True
Is 29036463 prime?
False
Is 12734941 a composite number?
False
Is 20426353 a prime number?
False
Is 245097779 composite?
False
Is 7764481 composite?
True
Is 14465001 a composite number?
True
Is 19477949 a composite number?
False
Is 2229709 a composite number?
True
Is 8281961 prime?
False
Is 97592941 prime?
True
Is 45134737 a composite number?
False
Is 230047 composite?
False
Is 73603 a composite number?
True
Is 8867503 composite?
True
Is 77948113 composite?
False
Is 20769827 composite?
True
Is 72470441 prime?
True
Is 5388259 composite?
True
Is 52020857 prime?
False
Is 4685953 a prime number?
True
Is 240500807 a prime number?
False
Is 267288631 a prime number?
True
Is 18752479 a prime number?
False
Is 157565093 prime?
False
Is 142818267 prime?
False
Is 6210569 prime?
True
Is 317756213 prime?
False
Is 62749 composite?
True
Is 5220323 composite?
False
Is 193580729 prime?
True
Is 57748589 a composite number?
False
Is 25409291 a prime number?
True
Is 85147 prime?
True
Is 2068037 prime?
True
Is 1425601 composite?
False
Is 1258753 a composite number?
False
Is 1277399 a composite number?
True
Is 13050421 prime?
True
Is 375069301 a composite number?
False
Is 179779 composite?
False
Is 2169533 composite?
True
Is 91227887 a prime number?
False
Is 99821269 a prime number?
False
Is 72105331 a prime number?
True
Is 546929 a prime number?
False
Is 6989782 a prime number?
False
Is 23331541 a composite number?
False
Is 19747127 composite?
True
Is 188708965 composite?
True
Is 506250817 composite?
False
Is 1569079 composite?
True
Is 20358235 composite?
True
Is 93247559 prime?
True
Is 25169461 a composite number?
False
Is 20867101 a prime number?
True
Is 33089671 a prime number?
False
Is 3955663 a prime number?
True
Is 5771501 composite?
False
Is 1160251 composite?
False
Is 454517801 a composite number?
False
Is 991297 composite?
True
Is 1868447 composite?
True
Is 10912159 a prime number?
True
Is 3436439 composite?
False
Is 160652717 composite?
False